[INFO] cloning repository https://github.com/shiki-tak/nft-mvp
[INFO] running `Command { std: "git" "-c" "credential.helper=" "-c" "credential.helper=/workspace/cargo-home/bin/git-credential-null" "clone" "--bare" "https://github.com/shiki-tak/nft-mvp" "/workspace/cache/git-repos/https%3A%2F%2Fgithub.com%2Fshiki-tak%2Fnft-mvp", kill_on_drop: false }`
[INFO] [stderr] Cloning into bare repository '/workspace/cache/git-repos/https%3A%2F%2Fgithub.com%2Fshiki-tak%2Fnft-mvp'...
[INFO] running `Command { std: "git" "rev-parse" "HEAD", kill_on_drop: false }`
[INFO] [stdout] 30a2e646a0f22d825a81c4e992456aa179454f0b
[INFO] checking shiki-tak/nft-mvp against try#72f88fc4e9458f89516a0b8b0868f3718aec5b47 for pr-74989
[INFO] running `Command { std: "git" "clone" "/workspace/cache/git-repos/https%3A%2F%2Fgithub.com%2Fshiki-tak%2Fnft-mvp" "/workspace/builds/worker-10/source", kill_on_drop: false }`
[INFO] [stderr] Cloning into '/workspace/builds/worker-10/source'...
[INFO] [stderr] done.
[INFO] validating manifest of git repo https://github.com/shiki-tak/nft-mvp on toolchain 72f88fc4e9458f89516a0b8b0868f3718aec5b47
[INFO] running `Command { std: "/workspace/cargo-home/bin/cargo" "+72f88fc4e9458f89516a0b8b0868f3718aec5b47" "read-manifest" "--manifest-path" "Cargo.toml", kill_on_drop: false }`
[INFO] removed /workspace/builds/worker-10/source/.cargo/config
[INFO] started tweaking git repo https://github.com/shiki-tak/nft-mvp
[INFO] finished tweaking git repo https://github.com/shiki-tak/nft-mvp
[INFO] tweaked toml for git repo https://github.com/shiki-tak/nft-mvp written to /workspace/builds/worker-10/source/Cargo.toml
[INFO] crate git repo https://github.com/shiki-tak/nft-mvp already has a lockfile, it will not be regenerated
[INFO] running `Command { std: "/workspace/cargo-home/bin/cargo" "+72f88fc4e9458f89516a0b8b0868f3718aec5b47" "fetch" "--locked" "--manifest-path" "Cargo.toml", kill_on_drop: false }`
[INFO] [stderr]     Blocking waiting for file lock on package cache
[INFO] [stderr]     Blocking waiting for file lock on package cache
[INFO] [stderr]  Downloading crates ...
[INFO] [stderr]   Downloaded thiserror-impl v1.0.16
[INFO] [stderr]   Downloaded wasmer-clif-fork-wasm v0.52.0
[INFO] [stderr]   Downloaded cranelift-codegen-shared v0.52.0
[INFO] [stderr]   Downloaded cranelift-native v0.52.0
[INFO] [stderr]   Downloaded cranelift-bforest v0.52.0
[INFO] [stderr]   Downloaded raw-cpuid v7.0.3
[INFO] [stderr]   Downloaded dynasmrt v0.5.2
[INFO] [stderr]   Downloaded lru v0.3.1
[INFO] [stderr]   Downloaded wasmer-clif-backend v0.14.1
[INFO] [stderr]   Downloaded page_size v0.4.2
[INFO] [stderr]   Downloaded cranelift-codegen v0.52.0
[INFO] [stderr]   Downloaded serde-json-wasm v0.1.3
[INFO] [stderr]   Downloaded blake3 v0.1.5
[INFO] [stderr]   Downloaded wasmer-runtime-core v0.14.1
[INFO] [stderr]   Downloaded cosmwasm v0.7.2
[INFO] [stderr]   Downloaded schemars_derive v0.5.0
[INFO] [stderr]   Downloaded wasmer-singlepass-backend v0.14.1
[INFO] [stderr]   Downloaded cosmwasm-vm v0.7.2
[INFO] [stderr]   Downloaded cranelift-codegen-meta v0.52.0
[INFO] [stderr]   Downloaded cw-storage v0.2.0
[INFO] [stderr]   Downloaded snafu v0.5.0
[INFO] [stderr]   Downloaded wasmparser v0.45.2
[INFO] [stderr]   Downloaded serde-bench v0.0.7
[INFO] [stderr]   Downloaded schemars v0.5.1
[INFO] [stderr]   Downloaded wasmer-middleware-common v0.14.1
[INFO] [stderr]   Downloaded dynasm v0.5.2
[INFO] [stderr]   Downloaded serde_derive_internals v0.25.0
[INFO] [stderr]   Downloaded target-lexicon v0.9.0
[INFO] [stderr]   Downloaded errno v0.2.5
[INFO] [stderr]   Downloaded wasmer-win-exception-handler v0.14.1
[INFO] [stderr]   Downloaded cranelift-entity v0.52.0
[INFO] [stderr]   Downloaded wasmer-clif-fork-frontend v0.52.0
[INFO] [stderr]   Downloaded thiserror v1.0.16
[INFO] [stderr]   Downloaded snafu-derive v0.5.0
[INFO] running `Command { std: "docker" "create" "-v" "/var/lib/crater-agent-workspace/builds/worker-10/target:/opt/rustwide/target:rw,Z" "-v" "/var/lib/crater-agent-workspace/builds/worker-10/source:/opt/rustwide/workdir:ro,Z" "-v" "/var/lib/crater-agent-workspace/cargo-home:/opt/rustwide/cargo-home:ro,Z" "-v" "/var/lib/crater-agent-workspace/rustup-home:/opt/rustwide/rustup-home:ro,Z" "-e" "SOURCE_DIR=/opt/rustwide/workdir" "-e" "CARGO_TARGET_DIR=/opt/rustwide/target" "-e" "CARGO_HOME=/opt/rustwide/cargo-home" "-e" "RUSTUP_HOME=/opt/rustwide/rustup-home" "-w" "/opt/rustwide/workdir" "-m" "1610612736" "--user" "0:0" "--network" "none" "rustops/crates-build-env@sha256:d92eaeed33fa75130ca1ee6c8a01d1ffb62bac859dfdfb3450e3e5d1c0146529" "/opt/rustwide/cargo-home/bin/cargo" "+72f88fc4e9458f89516a0b8b0868f3718aec5b47" "metadata" "--no-deps" "--format-version=1", kill_on_drop: false }`
[INFO] [stderr] WARNING: Your kernel does not support swap limit capabilities or the cgroup is not mounted. Memory limited without swap.
[INFO] [stdout] 3d502d54d3ca0daf0682860190a2719c555f8879f03e09813d98a4a28f8d437a
[INFO] running `Command { std: "docker" "start" "-a" "3d502d54d3ca0daf0682860190a2719c555f8879f03e09813d98a4a28f8d437a", kill_on_drop: false }`
[INFO] running `Command { std: "docker" "inspect" "3d502d54d3ca0daf0682860190a2719c555f8879f03e09813d98a4a28f8d437a", kill_on_drop: false }`
[INFO] running `Command { std: "docker" "rm" "-f" "3d502d54d3ca0daf0682860190a2719c555f8879f03e09813d98a4a28f8d437a", kill_on_drop: false }`
[INFO] [stdout] 3d502d54d3ca0daf0682860190a2719c555f8879f03e09813d98a4a28f8d437a
[INFO] running `Command { std: "docker" "create" "-v" "/var/lib/crater-agent-workspace/builds/worker-10/target:/opt/rustwide/target:rw,Z" "-v" "/var/lib/crater-agent-workspace/builds/worker-10/source:/opt/rustwide/workdir:ro,Z" "-v" "/var/lib/crater-agent-workspace/cargo-home:/opt/rustwide/cargo-home:ro,Z" "-v" "/var/lib/crater-agent-workspace/rustup-home:/opt/rustwide/rustup-home:ro,Z" "-e" "SOURCE_DIR=/opt/rustwide/workdir" "-e" "CARGO_TARGET_DIR=/opt/rustwide/target" "-e" "CARGO_INCREMENTAL=0" "-e" "RUST_BACKTRACE=full" "-e" "RUSTFLAGS=--cap-lints=forbid" "-e" "CARGO_HOME=/opt/rustwide/cargo-home" "-e" "RUSTUP_HOME=/opt/rustwide/rustup-home" "-w" "/opt/rustwide/workdir" "-m" "1610612736" "--user" "0:0" "--network" "none" "rustops/crates-build-env@sha256:d92eaeed33fa75130ca1ee6c8a01d1ffb62bac859dfdfb3450e3e5d1c0146529" "/opt/rustwide/cargo-home/bin/cargo" "+72f88fc4e9458f89516a0b8b0868f3718aec5b47" "check" "--frozen" "--all" "--all-targets" "--message-format=json", kill_on_drop: false }`
[INFO] [stderr] WARNING: Your kernel does not support swap limit capabilities or the cgroup is not mounted. Memory limited without swap.
[INFO] [stdout] 6f506edf83e1bac2c04e90dac7315d7bff89ee630a865e6f76f12fa956382c08
[INFO] running `Command { std: "docker" "start" "-a" "6f506edf83e1bac2c04e90dac7315d7bff89ee630a865e6f76f12fa956382c08", kill_on_drop: false }`
[INFO] [stderr]    Compiling unicode-xid v0.2.0
[INFO] [stderr]    Compiling syn v1.0.18
[INFO] [stderr]    Compiling libc v0.2.69
[INFO] [stderr]     Checking cfg-if v0.1.10
[INFO] [stderr]    Compiling serde v1.0.103
[INFO] [stderr]    Compiling proc-macro2 v0.4.30
[INFO] [stderr]    Compiling cranelift-entity v0.52.0
[INFO] [stderr]    Compiling unicode-xid v0.1.0
[INFO] [stderr]    Compiling syn v0.15.44
[INFO] [stderr]    Compiling getrandom v0.1.14
[INFO] [stderr]    Compiling log v0.4.8
[INFO] [stderr]    Compiling constant_time_eq v0.1.5
[INFO] [stderr]    Compiling arrayref v0.3.6
[INFO] [stderr]    Compiling arrayvec v0.5.1
[INFO] [stderr]    Compiling schemars v0.5.1
[INFO] [stderr]    Compiling nix v0.15.0
[INFO] [stderr]     Checking base64 v0.11.0
[INFO] [stderr]     Checking parity-wasm v0.41.0
[INFO] [stderr]     Checking hex v0.3.2
[INFO] [stderr]    Compiling indexmap v1.3.2
[INFO] [stderr]    Compiling blake3 v0.1.5
[INFO] [stderr]    Compiling hashbrown v0.6.3
[INFO] [stderr]     Checking block-padding v0.1.5
[INFO] [stderr]    Compiling proc-macro2 v1.0.12
[INFO] [stderr]    Compiling cranelift-codegen-meta v0.52.0
[INFO] [stderr]    Compiling typenum v1.12.0
[INFO] [stderr]     Checking cranelift-bforest v0.52.0
[INFO] [stderr]     Checking crossbeam-utils v0.7.2
[INFO] [stderr]     Checking generic-array v0.12.3
[INFO] [stderr]    Compiling raw-cpuid v7.0.3
[INFO] [stderr]     Checking smallvec v0.6.13
[INFO] [stderr]     Checking digest v0.8.1
[INFO] [stderr]     Checking crypto-mac v0.7.0
[INFO] [stderr]     Checking block-buffer v0.7.3
[INFO] [stderr]     Checking crossbeam-epoch v0.8.2
[INFO] [stderr]     Checking crossbeam-queue v0.2.1
[INFO] [stderr]     Checking sha2 v0.8.1
[INFO] [stderr]    Compiling quote v1.0.4
[INFO] [stderr]     Checking crossbeam-deque v0.7.3
[INFO] [stderr]    Compiling quote v0.6.13
[INFO] [stderr]     Checking parking_lot_core v0.7.2
[INFO] [stderr]     Checking page_size v0.4.2
[INFO] [stderr]     Checking errno v0.2.5
[INFO] [stderr]     Checking num_cpus v1.13.0
[INFO] [stderr]     Checking memmap v0.7.0
[INFO] [stderr]     Checking rayon-core v1.7.0
[INFO] [stderr]     Checking parking_lot v0.10.2
[INFO] [stderr]    Compiling const-random-macro v0.1.8
[INFO] [stderr]     Checking rayon v1.3.0
[INFO] [stderr]    Compiling wasmer-runtime-core v0.14.1
[INFO] [stderr]     Checking const-random v0.1.8
[INFO] [stderr]     Checking ahash v0.2.18
[INFO] [stderr]     Checking lru v0.3.1
[INFO] [stderr]    Compiling serde_derive_internals v0.25.0
[INFO] [stderr]    Compiling serde_derive v1.0.103
[INFO] [stderr]    Compiling thiserror-impl v1.0.16
[INFO] [stderr]    Compiling derive-new v0.5.8
[INFO] [stderr]    Compiling schemars_derive v0.5.0
[INFO] [stderr]    Compiling snafu-derive v0.5.0
[INFO] [stderr]     Checking thiserror v1.0.16
[INFO] [stderr]    Compiling cranelift-codegen v0.52.0
[INFO] [stderr]     Checking snafu v0.5.0
[INFO] [stderr]     Checking serde_json v1.0.52
[INFO] [stderr]     Checking serde-json-wasm v0.1.3
[INFO] [stderr]     Checking serde_bytes v0.11.4
[INFO] [stderr]     Checking serde-bench v0.0.7
[INFO] [stderr]     Checking bincode v1.2.1
[INFO] [stderr]     Checking wasmer-clif-fork-frontend v0.52.0
[INFO] [stderr]     Checking cranelift-native v0.52.0
[INFO] [stderr]     Checking wasmer-clif-fork-wasm v0.52.0
[INFO] [stderr]     Checking cosmwasm v0.7.2
[INFO] [stderr]     Checking cw-storage v0.2.0
[INFO] [stderr]     Checking cosmwasm_nft v0.1.0 (/opt/rustwide/workdir)
[INFO] [stderr]     Checking wasmer-clif-backend v0.14.1
[INFO] [stderr]     Checking wasmer-middleware-common v0.14.1
[INFO] [stderr]     Checking cosmwasm-vm v0.7.2
[INFO] [stdout] error: couldn't read tests/../target/wasm32-unknown-unknown/release/cosmwasm_nft.wasm: No such file or directory (os error 2)
[INFO] [stdout]   --> tests/integration.rs:39:22
[INFO] [stdout]    |
[INFO] [stdout] 39 | static WASM: &[u8] = include_bytes!("../target/wasm32-unknown-unknown/release/cosmwasm_nft.wasm");
[INFO] [stdout]    |                      ^^^^^^^^^^^^^^^^^^^^^^^^^^^^^^^^^^^^^^^^^^^^^^^^^^^^^^^^^^^^^^^^^^^^^^^^^^^^
[INFO] [stdout]    |
[INFO] [stdout]    = note: this error originates in a macro (in Nightly builds, run with -Z macro-backtrace for more info)
[INFO] [stdout] 
[INFO] [stdout] 
[INFO] [stdout] error[E0432]: unresolved import `cosmwasm_nft::msg::CountResponse`
[INFO] [stdout]   --> tests/integration.rs:36:25
[INFO] [stdout]    |
[INFO] [stdout] 36 | use cosmwasm_nft::msg::{CountResponse, HandleMsg, InitMsg, QueryMsg};
[INFO] [stdout]    |                         ^^^^^^^^^^^^^ no `CountResponse` in `msg`
[INFO] [stdout] 
[INFO] [stdout] 
[INFO] [stdout] error[E0560]: struct `InitMsg` has no field named `count`
[INFO] [stdout]   --> tests/integration.rs:47:25
[INFO] [stdout]    |
[INFO] [stdout] 47 |     let msg = InitMsg { count: 17 };
[INFO] [stdout]    |                         ^^^^^ `InitMsg` does not have this field
[INFO] [stdout]    |
[INFO] [stdout]    = note: available fields are: `name`, `symbol`
[INFO] [stdout] 
[INFO] [stdout] 
[INFO] [stdout] error[E0599]: no variant named `GetCount` found for enum `QueryMsg`
[INFO] [stdout]   --> tests/integration.rs:55:42
[INFO] [stdout]    |
[INFO] [stdout] 55 |     let res = query(&mut deps, QueryMsg::GetCount {}).unwrap();
[INFO] [stdout]    |                                          ^^^^^^^^ variant not found in `QueryMsg`
[INFO] [stdout] 
[INFO] [stdout] 
[INFO] [stdout] error[E0560]: struct `InitMsg` has no field named `count`
[INFO] [stdout]   --> tests/integration.rs:64:25
[INFO] [stdout]    |
[INFO] [stdout] 64 |     let msg = InitMsg { count: 17 };
[INFO] [stdout]    |                         ^^^^^ `InitMsg` does not have this field
[INFO] [stdout]    |
[INFO] [stdout]    = note: available fields are: `name`, `symbol`
[INFO] [stdout] 
[INFO] [stdout] 
[INFO] [stdout] error[E0599]: no variant named `Increment` found for enum `HandleMsg`
[INFO] [stdout]   --> tests/integration.rs:75:26
[INFO] [stdout]    |
[INFO] [stdout] 75 |     let msg = HandleMsg::Increment {};
[INFO] [stdout]    |                          ^^^^^^^^^ variant not found in `HandleMsg`
[INFO] [stdout] 
[INFO] [stdout] 
[INFO] [stdout] error[E0599]: no variant named `GetCount` found for enum `QueryMsg`
[INFO] [stdout]   --> tests/integration.rs:79:42
[INFO] [stdout]    |
[INFO] [stdout] 79 |     let res = query(&mut deps, QueryMsg::GetCount {}).unwrap();
[INFO] [stdout]    |                                          ^^^^^^^^ variant not found in `QueryMsg`
[INFO] [stdout] 
[INFO] [stdout] 
[INFO] [stdout] error[E0560]: struct `InitMsg` has no field named `count`
[INFO] [stdout]   --> tests/integration.rs:88:25
[INFO] [stdout]    |
[INFO] [stdout] 88 |     let msg = InitMsg { count: 17 };
[INFO] [stdout]    |                         ^^^^^ `InitMsg` does not have this field
[INFO] [stdout]    |
[INFO] [stdout]    = note: available fields are: `name`, `symbol`
[INFO] [stdout] 
[INFO] [stdout] 
[INFO] [stdout] error[E0599]: no variant named `Reset` found for enum `HandleMsg`
[INFO] [stdout]   --> tests/integration.rs:99:26
[INFO] [stdout]    |
[INFO] [stdout] 99 |     let msg = HandleMsg::Reset { count: 5 };
[INFO] [stdout]    |                          ^^^^^ variant not found in `HandleMsg`
[INFO] [stdout] 
[INFO] [stdout] 
[INFO] [stdout] error[E0599]: no variant named `Reset` found for enum `HandleMsg`
[INFO] [stdout]    --> tests/integration.rs:108:26
[INFO] [stdout]     |
[INFO] [stdout] 108 |     let msg = HandleMsg::Reset { count: 5 };
[INFO] [stdout]     |                          ^^^^^ variant not found in `HandleMsg`
[INFO] [stdout] 
[INFO] [stdout] 
[INFO] [stdout] error[E0599]: no variant named `GetCount` found for enum `QueryMsg`
[INFO] [stdout]    --> tests/integration.rs:112:42
[INFO] [stdout]     |
[INFO] [stdout] 112 |     let res = query(&mut deps, QueryMsg::GetCount {}).unwrap();
[INFO] [stdout]     |                                          ^^^^^^^^ variant not found in `QueryMsg`
[INFO] [stdout] 
[INFO] [stdout] 
[INFO] [stdout] error: aborting due to 11 previous errors
[INFO] [stdout] 
[INFO] [stdout] 
[INFO] [stdout] Some errors have detailed explanations: E0432, E0560, E0599.
[INFO] [stdout] 
[INFO] [stdout] For more information about an error, try `rustc --explain E0432`.
[INFO] [stdout] 
[INFO] [stderr] error: could not compile `cosmwasm_nft`.
[INFO] [stderr] 
[INFO] [stderr] To learn more, run the command again with --verbose.
[INFO] [stderr] warning: build failed, waiting for other jobs to finish...
[INFO] [stderr] error: build failed
[INFO] running `Command { std: "docker" "inspect" "6f506edf83e1bac2c04e90dac7315d7bff89ee630a865e6f76f12fa956382c08", kill_on_drop: false }`
[INFO] running `Command { std: "docker" "rm" "-f" "6f506edf83e1bac2c04e90dac7315d7bff89ee630a865e6f76f12fa956382c08", kill_on_drop: false }`
[INFO] [stdout] 6f506edf83e1bac2c04e90dac7315d7bff89ee630a865e6f76f12fa956382c08
